 + 6, y = 2*r - 5*s - 1. List the prime factors of r.
2
Suppose a + 3*a - 2*z = 260, -z = 2*a - 126. Suppose 3*j = -j - 2*k - 68, 3*j + a = 5*k. Let u = j + 47. List the prime factors of u.
29
Let y(u) = 5*u**2 - u. Suppose 2*q + 3 = 5*q. Let l be y(q). List the prime factors of l/22 + 128/22.
2, 3
Suppose 33*u = 11*u + 102476. List the prime factors of u.
2, 17, 137
Let x(w) = -w**2 + 15*w - 8. Let a be x(14). What are the prime factors of 510/9*a/4?
5, 17
Suppose -8 = -f - f. Suppose 4*i + 4*m - 24 = 0, 0 = 5*i - 3*i - 2*m + f. Let w = 4 + i. List the prime factors of w.
2, 3
Suppose 14212 = 38*f + 2014. List the prime factors of f.
3, 107
Let i be 1*(2 + 13) + 1. Suppose -5*k + 5*z = 34 + i, 5*k = 4*z - 51. List the prime factors of k/(-4) + (-1)/(-4).
3
Let h = -3 - -7. Let q(s) = 20 - 3*s + 3*s - h*s + 3*s. List the prime factors of q(6).
2, 7
Let h(a) be the first derivative of a**3/3 - 3*a**2 + 9*a - 4. Let k be h(5). Suppose -k*g = -27 + 3. What are the prime factors of g?
2, 3
Suppose -2*u + 2*q = 0, -5*u + 3*q + 0 = -4. Suppose d = -d + v + 106, -u*v = -5*d + 263. What are the prime factors of d?
3, 17
Suppose 5*i = 445 + 1845. What are the prime factors of i?
2, 229
Let a = 11 + -6. Suppose -a*h + 6*h = -16. List the prime factors of -12 - -12 - h/1.
2
Let x(c) = 94*c - 2. Let w be 3 + (-1 + 2)/((-4)/8). What are the prime factors of x(w)?
2, 23
Suppose -2*l - 16 = -6*l. Suppose 0 = -l*r - 2*c + 218, r - c = -0*r + 59. What are the prime factors of r?
2, 7
Let l(z) = z**3 + 2*z**2 - 7*z + 9. Let u(m) = 2*m - 24. Let n be u(10). List the prime factors of l(n).
5
Suppose 8*i + 15 = 3*i. Let q(a) = -3*a - 6. Let m be q(i). Suppose -m*c - 4*v + v + 81 = 0, -3*c + 2*v = -76. What are the prime factors of c?
2, 13
Let r(x) = -2*x - 4. Let v = -84 - -58. List the prime factors of r(v).
2, 3
Let l be 3/((-6)/(-4)) + -2. Suppose -5*f - 3*q + 18 = l, f + 3*q = -3*f + 12. Suppose -b + f*b = 70. What are the prime factors of b?
2, 7
Let t(i) = i**3 - i. Let l be t(2). Let o be 2/l + 8/12. What are the prime factors of (o + 0 - -4)/1?
5
Let a(n) = 23*n**2 + n - 13. What are the prime factors of a(3)?
197
Let b(n) be the first derivative of -9*n**2/2 - 18*n + 418. Suppose -30 = 4*w - w. What are the prime factors of b(w)?
2, 3
Let h(t) = -21*t - 16. Let v be h(-6). Suppose 5*l - 280 = -5*j, -5*j - 96 = -4*l + v. What are the prime factors of l?
2, 3
Suppose 0 = -11*z + 4366 + 89. What are the prime factors of z?
3, 5
Let t be (-1 + (0 - 5))/((-68)/(-782)). Let s = 146 + t. What are the prime factors of s?
7, 11
Let t = -47 - -140. Let y be 6*(-1)/5*-55. Let w = t - y. What are the prime factors of w?
3
Let d(b) = -b**3 + 17*b**2 - 3*b - 1. List the prime factors of d(12).
683
Let s = 872 - 615. What are the prime factors of s?
257
Let w(z) = -16*z - 2 + 0*z**3 + 12*z**2 - z**3 - z - 3*z. List the prime factors of w(9).
61
Suppose 10*h = 6152 + 25118. What are the prime factors of h?
53, 59
Let f = -199 + 285. What are the prime factors of f?
2, 43
Suppose -2*k = -3*i - 772, 3*k - 2*i - 1919 = -2*k. List the prime factors of k.
383
Let v(g) = -2*g**3 - 2*g**2 + 2*g. Let u be v(-2). Suppose -6*d + 3*d + k + 318 = 0, -u*k = 3*d - 318. List the prime factors of d.
2, 53
Suppose 118*d + 1365 = 131*d. What are the prime factors of d?
3, 5, 7
Suppose 0*q + 2*q = 34. Suppose 2*t - y - q = 18, 4*y = -t + 40. Suppose 0*j = -2*j + t. List the prime factors of j.
2, 5
Let o(g) = -2*g**2 - 12*g - 2. Let q be o(-6). Let b(i) = -56*i - 12. What are the prime factors of b(q)?
2, 5
Let q(w) = 4*w**3 - 2*w**3 + 28*w + 2*w**3 + 11 - 3*w**3 - 14*w**2. List the prime factors of q(13).
2, 103
Suppose 4*x + 4*a = 0, 0 = 2*x - 2*a + 3 - 11. Suppose 3*g = 3*b - x*g - 1196, -4*b = 3*g - 1556. List the prime factors of (-1)/5 + b/10.
3, 13
Let p(h) be the second derivative of h**3/6 + 23*h**2/2 + 6*h. List the prime factors of p(-11).
2, 3
Let h be (-7)/(-70) - 1369/(-10). Let l = h + -20. What are the prime factors of l?
3, 13
Let n = 59 - -11. Let c = 122 - n. Suppose 0*x - 3*t = 3*x - 75, t - c = -2*x. What are the prime factors of x?
3
Let f = 71 - -20. Suppose -5*q + 551 - f = 0. List the prime factors of q.
2, 23
What are the prime factors of 2/(-8) + 4 + (-3764)/(-16)?
239
Suppose -l + 75 = -449. List the prime factors of l.
2, 131
Let p = 52 - 50. Suppose -d + 2*q - 11 = -31, p*q - 2 = 0. What are the prime factors of d?
2, 11
Suppose -41175 = 10*a - 37*a. List the prime factors of a.
5, 61
Let s = 0 - -3. Suppose 3*u + s = 12. Suppose -4 = -u*c + 8. List the prime factors of c.
2
Let f(s) = s**3 - s**2 + 8. Let d be f(0). Suppose 3*k - d*k = -320. Suppose 2*c - 42 = -4*v, 3*c = -v - 4*v + k. What are the prime factors of c?
23
Let v(d) = -d. Let j(w) = -7*w - 5. Let n(r) = r**2 + 2. Let x be n(2). Let u(z) = x*v(z) + j(z). List the prime factors of u(-3).
2, 17
Let j(q) = 4*q**3 + 15*q**2 + 6*q - 10. Let i(f) = f**3 + f**2 + f. Let z(p) = 5*i(p) - j(p). Let x be z(10). What are the prime factors of x + 3 + (-33)/(-1)?
2, 3
Let t(g) = g**3 - 30*g**2 + 36*g - 36. List the prime factors of t(30).
2, 3, 29
Suppose -285*h = -288*h + 561. What are the prime factors of h?
11, 17
What are the prime factors of -318*((-135)/18 - -4)?
3, 7, 53
Let o = 11 - 9. Suppose -4*x = -9*x - 10, -5*g - x = o. Suppose -3*i + 96 - 6 = g. List the prime factors of i.
2, 3, 5
List the prime factors of ((-4)/(-6) - 14/3) + 6248.
2, 7, 223
Let h = -60 - -59. What are the prime factors of h + (-2 + 390)/2?
193
Let l(c) = -2*c + 78*c**3 - 2*c**2 - 97*c**3 + 0*c - 57*c**3. List the prime factors of l(-1).
2, 19
Let c be (-20)/5 - -4*11. Let r = 60 - c. What are the prime factors of r?
2, 5
Suppose -357 = -40*k + 39*k. List the prime factors of k.
3, 7, 17
Suppose 12 = -7*m + 138. What are the prime factors of 315/m*(19 - -1)?
2, 5, 7
Let i(s) = s**2 + 13*s + 24. Let l be i(-12). Suppose 4*n + 3*r = 29, 7*n - l*n - 3*r + 37 = 0. What are the prime factors of n?
2
Suppose 0 = -d + 5*z + 591, 2*z + z - 1809 = -3*d. What are the prime factors of d?
601
List the prime factors of ((-3)/(-2))/(-12 + (-11331)/(-944)).
2, 59
Let l(k) be the first derivative of 74*k**2 + 4*k - 4. What are the prime factors of l(1)?
2, 19
Let n be (-13 - 78)*2/(-1). Suppose 4*k + 3*k - n = 0. List the prime factors of k.
2, 13
Let x = 3333 - 1218. List the prime factors of x.
3, 5, 47
Let w = 22 - 15. Suppose w*v = 9*v + 80. List the prime factors of 8/(-2) - (v - 21).
3, 19
List the prime factors of 2243/(10 + (-9 - 0)).
2243
Let o(x) = 2*x**3 - 5*x**2 + 2*x + 4. Suppose -11 - 7 = -6*z. What are the prime factors of o(z)?
19
Let c(h) = 7*h**2 + 7*h - 80. What are the prime factors of c(11)?
2, 211
Suppose 0 = 4*r - 2*r - 3*t + 2427, 4821 = -4*r - 5*t. What are the prime factors of (-2)/8*r + (-3)/12?
2, 151
Suppose 4*o + 433 + 159 = 0. Let g = o - -252. List the prime factors of -2 + -1 + g/4.
23
Let w = -2442 + 4523. List the prime factors of w.
2081
Let y be (-23 - -14)/(0 - 1). Suppose -y*v + 5*v = 176. What are the prime factors of (10/(-5) - v) + 0?
2, 3, 7
Let a be 8/3*(-15)/(-50)*5. Suppose -8 + 4 = -2*t. Suppose a*q - 30 = t*q. What are the prime factors of q?
3, 5
Let o = 1471 + -804. List the prime factors of o.
23, 29
Suppose -m + 3*g = -0*g + 6, -5*g + 50 = 5*m. List the prime factors of (m/3)/((-3)/(-120)).
2, 5
Suppose 0 = -5*m + 14 + 6. Let u be (m - 5)*-93*1. Suppose -3*n = -u - 27. List the prime factors of n.
2, 5
Let w = 13 + -9. Suppose w*o - f - 227 = 0, -f = 2 + 1. What are the prime factors of o?
2, 7
Let m be (0 + 2/8)/(9/468). Suppose y = m + 4. List the prime factors of y.
17
Suppose -132*v + 128*v + 9268 = 0. Suppose 7*k + 0*k = v. What are the prime factors of k?
331
Let c = -15 - -95. Suppose 0 = -v - 3*v + c. What are the prime factors of v?
2, 5
Let y(m) = -3 - 2 + 1 + 2 + 12*m. Let l be y(-2). Let x = l + 39. What are the prime factors of x?
13
Let r(a) = 3*a + 15. Let p be r(-5). Let f be -1 - (3 - p) - -6. Suppose 0 = -f*o + 4*u + 58, -3*o - 3*u - 59 = -5*o. List the prime factors of o.
31
Suppose 0 = 25*k - 22*k - 12. What are the prime factors of k - ((-4 - 5) + 5)?
2
Let j = 41 - 6. Let w = j - -7. What are the prime factors of w?
2, 3, 7
What are the prime factors of 885*(-16)/7